 by p.
6
Let w(b) = 9*b - 800. What is the remainder when 55 is divided by w(93)?
18
Let w = 24 + -1. Suppose 5*i - 18 = 7*q - 163, 0 = q + 4*i - 49. What is the remainder when q is divided by w?
2
Let k be (-12 - (-6)/6) + 5. Calculate the remainder when 165 is divided by k*(-1 - -41)/(-5).
21
Let z = 242 - 123. Let y(d) = -d**2 + 12*d - 5. What is the remainder when z is divided by y(5)?
29
Let l be -3*9205/(-30) + (-1)/(-2). Let d = -849 + l. Calculate the remainder when d is divided by 25.
22
Let h = 272 + -265. Calculate the remainder when (-11)/((-22)/16) - -4 is divided by h.
5
Let b be 2/(-4)*(-44 - -40). Suppose -3*y - b*y - 4*p = -141, -33 = -y + 4*p. Calculate the remainder when 84 is divided by y.
26
Let j(k) = -837*k - 5007. What is the remainder when 1059 is divided by j(-6)?
9
Let u(t) = 27*t**3 - 4*t**2 - 13*t - 12. Let l be u(-2). Suppose 20 = -4*s, 2*b = b + 4*s + 57. What is the remainder when (1/((-10)/l))/(1/5) is divided by b?
35
Suppose -4*a + 2*r + 20 = 0, 3*a - 2*r = -6*r + 37. What is the remainder when 32/6*(-270)/(-36) is divided by a?
5
Suppose 0 = -4*q + 5 + 11. Let w(i) = 8*i + 34. Let l be w(9). Suppose -2 = y - q, -l = -4*x - 3*y. What is the remainder when x is divided by 15?
10
Let u = 24493 - 24458. What is the remainder when 46094 is divided by u?
34
Let u = -49 - -44. Let r(n) = n**3 + 6*n**2 - 3*n - 30. Calculate the remainder when r(u) is divided by 1.
0
Suppose 4*c = -4*n + 7680, -n + 27*c = 30*c - 1920. Calculate the remainder when n is divided by 3.
0
Let y = 1981 - 1866. What is the remainder when y is divided by 9?
7
Calculate the remainder when ((-411012)/(-70))/21 + 2/10*2 is divided by 21.
7
What is the remainder when (7/((-35)/(-4630))*1/(-2))/(-1) is divided by 78?
73
Let s(d) = 2*d**2 - 111*d - 416. What is the remainder when 619 is divided by s(60)?
123
Suppose 5*i + 54 = 124. Suppose 8*m = 4*m + 268. Calculate the remainder when m is divided by i.
11
Let z(v) = 3*v**2 + 2*v - 12. Let m(k) = -k**3 + 19*k**2 - 18*k - 54. Calculate the remainder when m(17) is divided by z(4).
42
Let w(o) = -58*o + 1762. Calculate the remainder when 55 is divided by w(30).
11
Let i = -8973 - -9392. Calculate the remainder when i is divided by 111.
86
Let h = -16411 - -16570. What is the remainder when 162 is divided by h?
3
Let h(t) = t**3 - 3*t**2 + t + 4. Let j be h(2). What is the remainder when 2 + 3 + 110 + j is divided by 24?
21
Calculate the remainder when 2347 is divided by 2/(-13) + 1171324/1001.
7
Suppose 38*l - 41*l = -114. Calculate the remainder when 206 is divided by l.
16
Suppose 0 = 6668*d - 6654*d - 644. Suppose -16*l + 12*l - 44 = 0. Let r = 148 + l. Calculate the remainder when r is divided by d.
45
Let c be -4*3/6*35. Calculate the remainder when 542 is divided by (-4 + 200/c)/(3/(-14)).
30
Let t = -55 - -630. Suppose v = -5*w + t, v = -4*w - v + 460. Calculate the remainder when 67 is divided by (1 + -3)*(w/(-10) - -3).
16
Suppose -82*h = -76*h - 66. What is the remainder when 213 is divided by h?
4
Suppose 0 = -391*o - 42*o + 13423. What is the remainder when 1270 is divided by o?
30
Let w(m) = 38*m**2 + 17*m + 92. Calculate the remainder when w(-4) is divided by 106.
102
Let d = 622 + -770. Let l = d + 154. Calculate the remainder when 36 is divided by l.
0
Let r = 22106 - 21786. Calculate the remainder when r is divided by 58.
30
Calculate the remainder when 308 is divided by 148/1110 - (-7)/60 - 163/(-4).
21
What is the remainder when 238 is divided by 2 + (-27)/12 + 650/(-240)*-30?
76
Suppose -8*x = -3*x - 90. Suppose -2*p + 4 = -x. Suppose 31*u + 9 = 34*u. Calculate the remainder when p is divided by u.
2
Let j = 28 - 32. Let w be (2/(-5))/(j*5/9200). Suppose -3*k + 500 = 5*t, 4*t - 2*k - w = 2*t. What is the remainder when t is divided by 49?
48
Let f = -53 - -22. Let j = f + 37. Suppose 27 = 2*m - k, -m = -j*m + 4*k + 66. What is the remainder when 53 is divided by m?
11
Suppose 0 = 32*n - 25*n + 7. Calculate the remainder when ((-7)/n)/((-3)/(-42)) is divided by 10.
8
Let u = 102 + -68. What is the remainder when ((-5640)/144)/(2/12 - (-26)/(-78)) is divided by u?
31
Suppose -5*v + 1154 = i, -5*v = 3*i - 366 - 3026. What is the remainder when i is divided by 0 + (1 - -71) - 2?
69
Let s = 109 - 107. Suppose 3*a = s*x + 2, -3*a - 9*x = -5*x + 4. Suppose 20*z - 149 - 371 = a. What is the remainder when 100 is divided by z?
22
Let s = 15 - -53. Suppose o - s = -r, -257 = -4*o - 0*r + r. Calculate the remainder when o is divided by 23.
19
Let d be (-56)/7 + 9 + 1829. Suppose 29*o = -o + d. Calculate the remainder when 146 is divided by o.
24
What is the remainder when (8 + -10 + 65)*79 is divided by 13?
11
Suppose -1 - 5 = -2*o, 4*d + 4*o + 328 = 0. Let y = -85 - d. Suppose 5*l - 36 = -2*s - 2*s, y = 4*l - 5*s - 37. Calculate the remainder when 23 is divided by l.
7
Suppose 4*t = 1615 + 649. Let z = t + -520. What is the remainder when 47 is divided by z?
1
Let n be (-122)/4 + 39/(-26). Let h = 293 - n. What is the remainder when h is divided by 82?
79
Suppose 6 = -2*c, -5*c = -4*t - 0 + 163. Calculate the remainder when 622 is divided by t.
30
Let p = -7213 + 7289. Suppose -2*i = -0*i. Calculate the remainder when p is divided by 2 - 4 - (-15 - i).
11
Suppose -211*k = -2*h - 214*k + 318, 0 = -4*h + 3*k + 582. Calculate the remainder when h is divided by 44.
18
Suppose 2*s - 16 = -2*s. Let z(n) = n**2 + 3*n - 34. What is the remainder when (53/(-4))/(s/(-32)) is divided by z(-10)?
34
Suppose -f = 3*k - 2*k - 19, 4*f + 2*k = 82. Suppose 5*r - 325 = -0*r. What is the remainder when r is divided by f?
21
Let l = -66 + 284. Suppose 0 = -x - 3*g + 31, -4*x = -g - 3*g - 76. Calculate the remainder when l is divided by x.
20
Suppose -1459*n = -752*n - 730*n + 129030. Calculate the remainder when n is divided by 14.
10
Let k = 14 + -15. Let n be k*5*(-3 + 2). Suppose -3*a + 50 = n*p, 2*a + p - 3*p = 28. What is the remainder when 26 is divided by a?
11
Let a be -3 + (-4)/((-4)/(-3)). Let t be (-5 + 1)*(-1 - a/3). Calculate the remainder when 2*17*(-2)/t is divided by 9.
8
Suppose o - 3*j = -1, -j = 5*o - 0*o - 11. Suppose 3*u = o - 14. What is the remainder when 8 is divided by (-92)/(-22) - ((-230)/(-55) + u)?
0
Let j be (-3 + 4)*0*(0 - 1). Suppose 5*s + 0*s + 3*d - 105 = j, 0 = 5*s + d - 95. What is the remainder when s is divided by 14?
4
Suppose 32*g - 12216 - 2747 = 8653. Calculate the remainder when g is divided by 37.
35
Let y(z) = -z + 5. Let s be y(0). Let n be ((0 + -1)*(12 + -12))/(-4). Suppose s*k - k - 16 = n. What is the remainder when 15 is divided by k?
3
Suppose -b + 4*a = b - 2, 5*b - 70 = -3*a. Let w = -2 + b. What is the remainder when (-1)/(-2) - 118/(-4) is divided by w?
3
Suppose -5*b + 67 + 83 = 5*n, -3*n = b - 36. Let c(p) = 5*p - 109. Calculate the remainder when c(b) is divided by 7.
5
Calculate the remainder when -1*(2 - 3)*-3*(-4466)/42 is divided by 33.
22
Suppose 3*q + 0*q + 5*i - 2337 = 0, -q = 5*i - 789. Suppose 0 = 2*d - 4, -99 - 27 = -4*k - d. What is the remainder when q is divided by k?
30
Suppose m + 77 = s, -2*m + 4*m = 2. Let z(c) = 5*c**3 + 20*c**2 + 3. What is the remainder when s is divided by z(-2)?
35
Let d(f) = f**3 - 12*f**2 + 3*f + 107. What is the remainder when 21049 is divided by d(11)?
16
Let t = 3128 - 2420. Calculate the remainder when t is divided by 78.
6
Let g be ((-15)/4)/(18/(-48)). Suppose 114*b + g = 116*b. Calculate the remainder when 10 is divided by b.
0
Suppose 9*h - 5*h = 40. Suppose 350*n = 344*n + 234. What is the remainder when n is divided by h?
9
Let b = 730 - 727. Suppose 5*k - 5*s + s = 187, -b*k + 2*s + 111 = 0. What is the remainder when 173 is divided by k?
33
Suppose -3*f - 9 = 0, 34*f - 37*f = 4*a - 455. What is the remainder when 129 is divided by a?
13
Let v(d) = d**3 - 11*d**2 - d + 15. Let c be v(11). What is the remainder when -4 + 7 - (1 + c/(-1)) is divided by 2?
0
Let l be 28/6 + 18/(-27). What is the remainder when (l + 0 + 0 - 7) + 385 is divided by 124?
10
Let b(n) = 51*n + 632. Calculate the remainder when 920 is divided by b(-11).
68
Suppose 0 = 5*f + 5*i - 355, -4*f + 144 = i - 143. Calculate the remainder when 207 is divided by f.
63
Let y = 2475 + -2468. Calculate the remainder when 12625 is divide